{"id":11464,"date":"2022-01-12T04:12:32","date_gmt":"2022-01-12T07:12:32","guid":{"rendered":"http:\/\/muzenza.com.br\/2013\/?page_id=279"},"modified":"2022-03-17T21:15:04","modified_gmt":"2022-03-18T00:15:04","slug":"historia-do-grupo","status":"publish","type":"page","link":"https:\/\/muzenza.com.br\/site\/historia-do-grupo\/","title":{"rendered":"Hist\u00f3ria do Grupo"},"content":{"rendered":"<p>[vc_row][vc_column][vc_column_text]<img loading=\"lazy\" decoding=\"async\" class=\"aligncenter wp-image-13199 size-full\" src=\"https:\/\/muzenza.com.br\/site\/wp-content\/uploads\/2020\/03\/Grupo-Muzenza-Capoeira-Logo-Bandeiras.png\" alt=\"Grupo Muzenza Capoeira Logo Bandeiras\" width=\"160\" height=\"160\" srcset=\"https:\/\/muzenza.com.br\/site\/wp-content\/uploads\/2020\/03\/Grupo-Muzenza-Capoeira-Logo-Bandeiras.png 160w, https:\/\/muzenza.com.br\/site\/wp-content\/uploads\/2020\/03\/Grupo-Muzenza-Capoeira-Logo-Bandeiras-150x150.png 150w\" sizes=\"auto, (max-width: 160px) 100vw, 160px\" \/><\/p>\n<p>O <strong>Grupo Muzenza de Capoeira<\/strong>, foi fundado em 5 de maio de 1972, na cidade do Rio de Janeiro, tendo como seu fundador, Paulo S\u00e9rgio da Silva (Mestre Paul\u00e3o), oriundo do grupo Capoarte de Obalua\u00ea, do Mestre Mintirinha (Lu\u00eds Am\u00e9rico da Silva).<\/p>\n<p>Em outubro de 1975, chega a Curitiba &#8211; Paran\u00e1 &#8211; Mestre Burgu\u00eas (Ant\u00f4nio Carlos de Menezes), que depois de lecionar nos bairros do M\u00e9ier e Madureira, no Rio de Janeiro, decide fundar mais um n\u00facleo do Grupo Muzenza no Sul do Brasil, implantando e desenvolvendo uma metodologia e uma filosofia pr\u00f3pria, voltada para as ra\u00edzes da capoeira, tendo introduzido essa modalidade em clubes, quart\u00e9is, escolas, academias, comunidades carentes e comunidades negras.<\/p>\n<div id=\"attachment_12995\" style=\"width: 710px\" class=\"wp-caption aligncenter\"><img loading=\"lazy\" decoding=\"async\" aria-describedby=\"caption-attachment-12995\" class=\"size-full wp-image-12995\" src=\"https:\/\/muzenza.com.br\/site\/wp-content\/uploads\/2019\/09\/Logos-Muzenza.jpg\" alt=\"Muzenza Logotipos Historia\" width=\"700\" height=\"412\" srcset=\"https:\/\/muzenza.com.br\/site\/wp-content\/uploads\/2019\/09\/Logos-Muzenza.jpg 700w, https:\/\/muzenza.com.br\/site\/wp-content\/uploads\/2019\/09\/Logos-Muzenza-300x177.jpg 300w\" sizes=\"auto, (max-width: 700px) 100vw, 700px\" \/><p id=\"caption-attachment-12995\" class=\"wp-caption-text\">Hist\u00f3ria dos Logotipos Muzenza<\/p><\/div>\n<p>Mais de 20.000 alunos, j\u00e1 passaram pelo Grupo Muzenza de Curitiba, e hoje o Grupo se faz presente em 26 estados brasileiros, e 61 pa\u00edses, buscando sempre os fundamentos e as ra\u00edzes da capoeira atrav\u00e9s de muita pesquisa.<\/p>\n<p>Desde 1975, o Grupo passou a ser presidido pelo Mestre Burgu\u00eas.<\/p>\n<p><img loading=\"lazy\" decoding=\"async\" class=\"size-full wp-image-12993 aligncenter\" src=\"https:\/\/muzenza.com.br\/site\/wp-content\/uploads\/2019\/09\/mestre-burgues-mar.jpg\" alt=\"\" width=\"530\" height=\"707\" srcset=\"https:\/\/muzenza.com.br\/site\/wp-content\/uploads\/2019\/09\/mestre-burgues-mar.jpg 530w, https:\/\/muzenza.com.br\/site\/wp-content\/uploads\/2019\/09\/mestre-burgues-mar-225x300.jpg 225w\" sizes=\"auto, (max-width: 530px) 100vw, 530px\" \/><\/p>\n<p style=\"text-align: center;\"><strong>Grupo Muzenza &#8211; Capoeira<\/strong><\/p>\n<hr \/>\n<p style=\"text-align: center;\"><strong>&#8220;Capoeira \u00e9 capoeira&#8221; para que voc\u00ea possa entender melhor essa defini\u00e7\u00e3o deve viv\u00ea-la.&#8221;<\/strong><\/p>\n<p style=\"text-align: center;\">Mestre Burgu\u00eas<\/p>\n<p>[\/vc_column_text][\/vc_column][\/vc_row]<\/p>\n","protected":false},"excerpt":{"rendered":"<p>[vc_row][vc_column][vc_column_text] O Grupo Muzenza de Capoeira, foi fundado em 5 de maio de 1972, na cidade do Rio de Janeiro, tendo como seu fundador, Paulo S\u00e9rgio da Silva (Mestre Paul\u00e3o), oriundo do grupo Capoarte de Obalua\u00ea, do Mestre Mintirinha (Lu\u00eds Am\u00e9rico da Silva). Em outubro de 1975, chega a Curitiba &#8211; Paran\u00e1 &#8211; Mestre Burgu\u00eas [&hellip;]<\/p>\n","protected":false},"author":1,"featured_media":12352,"parent":0,"menu_order":0,"comment_status":"open","ping_status":"closed","template":"","meta":{"footnotes":""},"class_list":["post-11464","page","type-page","status-publish","has-post-thumbnail","hentry"],"_links":{"self":[{"href":"https:\/\/muzenza.com.br\/site\/wp-json\/wp\/v2\/pages\/11464","targetHints":{"allow":["GET"]}}],"collection":[{"href":"https:\/\/muzenza.com.br\/site\/wp-json\/wp\/v2\/pages"}],"about":[{"href":"https:\/\/muzenza.com.br\/site\/wp-json\/wp\/v2\/types\/page"}],"author":[{"embeddable":true,"href":"https:\/\/muzenza.com.br\/site\/wp-json\/wp\/v2\/users\/1"}],"replies":[{"embeddable":true,"href":"https:\/\/muzenza.com.br\/site\/wp-json\/wp\/v2\/comments?post=11464"}],"version-history":[{"count":2,"href":"https:\/\/muzenza.com.br\/site\/wp-json\/wp\/v2\/pages\/11464\/revisions"}],"predecessor-version":[{"id":13990,"href":"https:\/\/muzenza.com.br\/site\/wp-json\/wp\/v2\/pages\/11464\/revisions\/13990"}],"wp:featuredmedia":[{"embeddable":true,"href":"https:\/\/muzenza.com.br\/site\/wp-json\/wp\/v2\/media\/12352"}],"wp:attachment":[{"href":"https:\/\/muzenza.com.br\/site\/wp-json\/wp\/v2\/media?parent=11464"}],"curies":[{"name":"wp","href":"https:\/\/api.w.org\/{rel}","templated":true}]}}